{"id":61,"date":"2019-04-25T23:52:07","date_gmt":"2019-04-25T21:52:07","guid":{"rendered":"https:\/\/www.steinkorb-zenter.ch\/?page_id=61"},"modified":"2022-02-03T07:17:30","modified_gmt":"2022-02-03T06:17:30","slug":"steine","status":"publish","type":"page","link":"https:\/\/www.steinkorb-zenter.ch\/?page_id=61","title":{"rendered":"Steine"},"content":{"rendered":"\n<p class=\"has-black-color has-text-color\" style=\"font-size:22px\"><strong>Unser Stein Sortiment   <\/strong><\/p>\n\n\n\n<p class=\"has-black-color has-text-color has-medium-font-size\">Alpen Kalk, schwarz-weiss (ungewaschen) <\/p>\n\n\n\n<figure class=\"wp-block-image\"><img loading=\"lazy\" width=\"300\" height=\"169\" src=\"https:\/\/www.steinkorb-zenter.ch\/wp-content\/uploads\/2019\/04\/Schotter-Schwarz-Weiss-ungewaschen-60-80mm.jpg\" alt=\"\" class=\"wp-image-146\"\/><\/figure>\n\n\n\n<p class=\"has-black-color has-text-color\">K\u00f6rnung 30-60 mm  <\/p>\n\n\n\n<p class=\"has-black-color has-text-color\"> _______________________________________      <\/p>\n\n\n\n<p class=\"has-black-color has-text-color has-medium-font-size\">Jurakalk (ungewaschen, leicht Gelblich)   <\/p>\n\n\n\n<figure class=\"wp-block-image size-large is-resized\"><img loading=\"lazy\" src=\"https:\/\/www.steinkorb-zenter.ch\/wp-content\/uploads\/2021\/02\/Jurakalk-768x1024.jpg\" alt=\"\" class=\"wp-image-822\" width=\"266\" height=\"355\"\/><\/figure>\n\n\n\n<p class=\"has-black-color has-text-color\">40-60 mm  Jurakalk<\/p>\n\n\n\n<p class=\"has-black-color has-text-color\"> ______________________________________     <\/p>\n\n\n\n<p class=\"has-black-color has-text-color has-medium-font-size\">Schotter, rot (ungewaschen)   <\/p>\n\n\n\n<figure class=\"wp-block-image\"><img loading=\"lazy\" width=\"300\" height=\"169\" src=\"https:\/\/www.steinkorb-zenter.ch\/wp-content\/uploads\/2019\/04\/Schotter-Rot-ungewaschen-32-45mm-Granit.jpg\" alt=\"\" class=\"wp-image-144\"\/><\/figure>\n\n\n\n<p class=\"has-black-color has-text-color\">K\u00f6rnung 32-45 mm  <\/p>\n\n\n\n<p class=\"has-black-color has-text-color\"> ______________________________________    <\/p>\n\n\n\n<p class=\"has-black-color has-text-color has-medium-font-size\">Schotter, gr\u00fcn (gewaschen) <\/p>\n\n\n\n<figure class=\"wp-block-image size-large is-resized\"><img loading=\"lazy\" src=\"https:\/\/www.steinkorb-zenter.ch\/wp-content\/uploads\/2022\/02\/blob.jpg\" alt=\"\" class=\"wp-image-1072\" width=\"302\" height=\"148\" srcset=\"https:\/\/www.steinkorb-zenter.ch\/wp-content\/uploads\/2022\/02\/blob.jpg 427w, https:\/\/www.steinkorb-zenter.ch\/wp-content\/uploads\/2022\/02\/blob-300x147.jpg 300w\" sizes=\"(max-width: 302px) 100vw, 302px\" \/><\/figure>\n\n\n\n<p class=\"has-black-color has-text-color\">K\u00f6rnung 30-60 mm  <\/p>\n\n\n\n<p class=\"has-black-color has-text-color\"> ______________________________________     <\/p>\n\n\n\n<p class=\"has-black-color has-text-color has-medium-font-size\">Carrera Weiss   <\/p>\n\n\n\n<figure class=\"wp-block-image is-resized\"><img loading=\"lazy\" src=\"https:\/\/www.steinkorb-zenter.ch\/wp-content\/uploads\/2019\/04\/55850_stein-carrara-weiss-7-15-mm_55850_0.jpg\" alt=\"\" class=\"wp-image-149\" width=\"249\" height=\"249\" srcset=\"https:\/\/www.steinkorb-zenter.ch\/wp-content\/uploads\/2019\/04\/55850_stein-carrara-weiss-7-15-mm_55850_0.jpg 600w, https:\/\/www.steinkorb-zenter.ch\/wp-content\/uploads\/2019\/04\/55850_stein-carrara-weiss-7-15-mm_55850_0-150x150.jpg 150w, https:\/\/www.steinkorb-zenter.ch\/wp-content\/uploads\/2019\/04\/55850_stein-carrara-weiss-7-15-mm_55850_0-300x300.jpg 300w\" sizes=\"(max-width: 249px) 100vw, 249px\" \/><\/figure>\n\n\n\n<p class=\"has-black-color has-text-color\">40-60mm<\/p>\n\n\n\n<p class=\"has-black-color has-text-color\"> __________________________________   <\/p>\n\n\n\n<p class=\"has-black-color has-text-color has-medium-font-size\">Glassteine <\/p>\n\n\n\n<figure class=\"wp-block-image\"><img loading=\"lazy\" width=\"225\" height=\"166\" src=\"https:\/\/www.steinkorb-zenter.ch\/wp-content\/uploads\/2019\/04\/Glassteine.jpg\" alt=\"\" class=\"wp-image-150\"\/><\/figure>\n\n\n\n<p class=\"has-black-color has-text-color\">40-100mm<\/p>\n\n\n\n<p class=\"has-black-color has-text-color\"> __________________________________   <\/p>\n\n\n\n<p class=\"has-black-color has-text-color has-medium-font-size\"><strong>Steine kann man Lose oder in BIG BAG abgef\u00fcllt beziehen<\/strong><\/p>\n","protected":false},"excerpt":{"rendered":"<p>Unser Stein Sortiment Alpen Kalk, schwarz-weiss (ungewaschen) K\u00f6rnung 30-60 mm _______________________________________ Jurakalk (ungewaschen, leicht Gelblich) 40-60 mm Jurakalk ______________________________________ Schotter, rot (ungewaschen) K\u00f6rnung 32-45 mm ______________________________________ Schotter, gr\u00fcn (gewaschen) K\u00f6rnung 30-60 mm ______________________________________ Carrera Weiss 40-60mm __________________________________ Glassteine 40-100mm __________________________________ Steine kann man Lose oder in BIG BAG abgef\u00fcllt beziehen<\/p>\n","protected":false},"author":1,"featured_media":0,"parent":0,"menu_order":0,"comment_status":"closed","ping_status":"closed","template":"","meta":{"_et_pb_use_builder":"off","_et_pb_old_content":"<!-- wp:paragraph {\"textColor\":\"black\",\"style\":{\"typography\":{\"fontSize\":22}}} -->\n<p class=\"has-black-color has-text-color\" style=\"font-size:22px\"><strong>Unser Stein Sortiment   <\/strong><\/p>\n<!-- \/wp:paragraph -->\n\n<!-- wp:paragraph {\"textColor\":\"black\",\"fontSize\":\"medium\"} -->\n<p class=\"has-black-color has-text-color has-medium-font-size\">Schotter Grau (ungewaschen) <\/p>\n<!-- \/wp:paragraph -->\n\n<!-- wp:image {\"id\":143} -->\n<figure class=\"wp-block-image\"><img src=\"https:\/\/www.steinkorb-zenter.ch\/wp-content\/uploads\/2019\/04\/Bahnschotter-Grau-gewaschen-32-50mm-Kiesekalk.jpg\" alt=\"\" class=\"wp-image-143\"\/><\/figure>\n<!-- \/wp:image -->\n\n<!-- wp:paragraph {\"textColor\":\"black\"} -->\n<p class=\"has-black-color has-text-color\">Kiesekalk   32-50 mm Kieselkalk<\/p>\n<!-- \/wp:paragraph -->\n\n<!-- wp:paragraph {\"textColor\":\"black\"} -->\n<p class=\"has-black-color has-text-color\"> ______________________________________   <\/p>\n<!-- \/wp:paragraph -->\n\n<!-- wp:paragraph {\"textColor\":\"black\",\"fontSize\":\"medium\"} -->\n<p class=\"has-black-color has-text-color has-medium-font-size\">Schotter, rot (ungewaschen)   <\/p>\n<!-- \/wp:paragraph -->\n\n<!-- wp:image {\"id\":144} -->\n<figure class=\"wp-block-image\"><img src=\"https:\/\/www.steinkorb-zenter.ch\/wp-content\/uploads\/2019\/04\/Schotter-Rot-ungewaschen-32-45mm-Granit.jpg\" alt=\"\" class=\"wp-image-144\"\/><\/figure>\n<!-- \/wp:image -->\n\n<!-- wp:paragraph {\"textColor\":\"black\"} -->\n<p class=\"has-black-color has-text-color\">32-45 mm  Granit<\/p>\n<!-- \/wp:paragraph -->\n\n<!-- wp:paragraph {\"textColor\":\"black\"} -->\n<p class=\"has-black-color has-text-color\"> ______________________________________    <\/p>\n<!-- \/wp:paragraph -->\n\n<!-- wp:paragraph {\"textColor\":\"black\",\"fontSize\":\"medium\"} -->\n<p class=\"has-black-color has-text-color has-medium-font-size\">Schotter, gr\u00fcn (gewaschen) <\/p>\n<!-- \/wp:paragraph -->\n\n<!-- wp:image {\"id\":145} -->\n<figure class=\"wp-block-image\"><img src=\"https:\/\/www.steinkorb-zenter.ch\/wp-content\/uploads\/2019\/04\/Schotter-Gr\u00fcn-gewaschen-30-60mm-Granit.jpg\" alt=\"\" class=\"wp-image-145\"\/><\/figure>\n<!-- \/wp:image -->\n\n<!-- wp:paragraph {\"textColor\":\"black\"} -->\n<p class=\"has-black-color has-text-color\">30-60 mm  Granit<\/p>\n<!-- \/wp:paragraph -->\n\n<!-- wp:paragraph {\"textColor\":\"black\"} -->\n<p class=\"has-black-color has-text-color\"> _______________________________________      <\/p>\n<!-- \/wp:paragraph -->\n\n<!-- wp:paragraph {\"textColor\":\"black\",\"fontSize\":\"medium\"} -->\n<p class=\"has-black-color has-text-color has-medium-font-size\">Schotter, schwarz-weiss (ungewaschen) <\/p>\n<!-- \/wp:paragraph -->\n\n<!-- wp:image {\"id\":146} -->\n<figure class=\"wp-block-image\"><img src=\"https:\/\/www.steinkorb-zenter.ch\/wp-content\/uploads\/2019\/04\/Schotter-Schwarz-Weiss-ungewaschen-60-80mm.jpg\" alt=\"\" class=\"wp-image-146\"\/><\/figure>\n<!-- \/wp:image -->\n\n<!-- wp:paragraph {\"textColor\":\"black\"} -->\n<p class=\"has-black-color has-text-color\">60-80 mm  Kalkstein mit 2% Quarzit<\/p>\n<!-- \/wp:paragraph -->\n\n<!-- wp:paragraph {\"textColor\":\"black\"} -->\n<p class=\"has-black-color has-text-color\"> ______________________________________     <\/p>\n<!-- \/wp:paragraph -->\n\n<!-- wp:paragraph {\"textColor\":\"black\",\"fontSize\":\"medium\"} -->\n<p class=\"has-black-color has-text-color has-medium-font-size\">Jurakalk (ungewaschen, leicht Gelblich)   <\/p>\n<!-- \/wp:paragraph -->\n\n<!-- wp:image {\"id\":822,\"width\":266,\"height\":355,\"sizeSlug\":\"large\",\"linkDestination\":\"none\"} -->\n<figure class=\"wp-block-image size-large is-resized\"><img src=\"https:\/\/www.steinkorb-zenter.ch\/wp-content\/uploads\/2021\/02\/Jurakalk-768x1024.jpg\" alt=\"\" class=\"wp-image-822\" width=\"266\" height=\"355\"\/><\/figure>\n<!-- \/wp:image -->\n\n<!-- wp:paragraph {\"textColor\":\"black\"} -->\n<p class=\"has-black-color has-text-color\">40-60 mm  Jurakalk<\/p>\n<!-- \/wp:paragraph -->\n\n<!-- wp:paragraph {\"textColor\":\"black\"} -->\n<p class=\"has-black-color has-text-color\"> ______________________________________     <\/p>\n<!-- \/wp:paragraph -->\n\n<!-- wp:paragraph {\"textColor\":\"black\",\"fontSize\":\"medium\"} -->\n<p class=\"has-black-color has-text-color has-medium-font-size\">Carrera Weiss   <\/p>\n<!-- \/wp:paragraph -->\n\n<!-- wp:image {\"id\":149,\"width\":249,\"height\":249} -->\n<figure class=\"wp-block-image is-resized\"><img src=\"https:\/\/www.steinkorb-zenter.ch\/wp-content\/uploads\/2019\/04\/55850_stein-carrara-weiss-7-15-mm_55850_0.jpg\" alt=\"\" class=\"wp-image-149\" width=\"249\" height=\"249\"\/><\/figure>\n<!-- \/wp:image -->\n\n<!-- wp:paragraph {\"textColor\":\"black\"} -->\n<p class=\"has-black-color has-text-color\">40-60mm<\/p>\n<!-- \/wp:paragraph -->\n\n<!-- wp:paragraph {\"textColor\":\"black\"} -->\n<p class=\"has-black-color has-text-color\"> __________________________________   <\/p>\n<!-- \/wp:paragraph -->\n\n<!-- wp:paragraph {\"textColor\":\"black\",\"fontSize\":\"medium\"} -->\n<p class=\"has-black-color has-text-color has-medium-font-size\">Glassteine <\/p>\n<!-- \/wp:paragraph -->\n\n<!-- wp:image {\"id\":150} -->\n<figure class=\"wp-block-image\"><img src=\"https:\/\/www.steinkorb-zenter.ch\/wp-content\/uploads\/2019\/04\/Glassteine.jpg\" alt=\"\" class=\"wp-image-150\"\/><\/figure>\n<!-- \/wp:image -->\n\n<!-- wp:paragraph {\"textColor\":\"black\"} -->\n<p class=\"has-black-color has-text-color\">40-100mm<\/p>\n<!-- \/wp:paragraph -->","_et_gb_content_width":""},"_links":{"self":[{"href":"https:\/\/www.steinkorb-zenter.ch\/index.php?rest_route=\/wp\/v2\/pages\/61"}],"collection":[{"href":"https:\/\/www.steinkorb-zenter.ch\/index.php?rest_route=\/wp\/v2\/pages"}],"about":[{"href":"https:\/\/www.steinkorb-zenter.ch\/index.php?rest_route=\/wp\/v2\/types\/page"}],"author":[{"embeddable":true,"href":"https:\/\/www.steinkorb-zenter.ch\/index.php?rest_route=\/wp\/v2\/users\/1"}],"replies":[{"embeddable":true,"href":"https:\/\/www.steinkorb-zenter.ch\/index.php?rest_route=%2Fwp%2Fv2%2Fcomments&post=61"}],"version-history":[{"count":14,"href":"https:\/\/www.steinkorb-zenter.ch\/index.php?rest_route=\/wp\/v2\/pages\/61\/revisions"}],"predecessor-version":[{"id":1073,"href":"https:\/\/www.steinkorb-zenter.ch\/index.php?rest_route=\/wp\/v2\/pages\/61\/revisions\/1073"}],"wp:attachment":[{"href":"https:\/\/www.steinkorb-zenter.ch\/index.php?rest_route=%2Fwp%2Fv2%2Fmedia&parent=61"}],"curies":[{"name":"wp","href":"https:\/\/api.w.org\/{rel}","templated":true}]}}